{"id":1718,"date":"2020-10-23T22:30:00","date_gmt":"2020-10-23T20:30:00","guid":{"rendered":"https:\/\/erasmusplus.itis.biella.it\/erasmusplus\/?page_id=1718"},"modified":"2020-10-23T22:30:08","modified_gmt":"2020-10-23T20:30:08","slug":"lottava-meraviglia-presentazione","status":"publish","type":"page","link":"https:\/\/erasmusplus.itis.biella.it\/erasmusplus\/lottava-meraviglia-presentazione\/","title":{"rendered":"L&#8217;ottava meraviglia &#8211; Presentazione"},"content":{"rendered":"<p>[et_pb_section fb_built=&#8221;1&#8243; _builder_version=&#8221;4.4.2&#8243;][et_pb_row _builder_version=&#8221;4.4.2&#8243; hover_enabled=&#8221;0&#8243;][et_pb_column _builder_version=&#8221;4.4.2&#8243; type=&#8221;4_4&#8243;][et_pb_text _builder_version=&#8221;4.4.2&#8243; hover_enabled=&#8221;0&#8243;]<\/p>\n<h2><strong>Progetto \u201cL&#8217;ottava meraviglia del mondo: il tuo territorio!\u201d<\/strong><\/h2>\n<p>&nbsp;<\/p>\n<h3>Scuole partner<\/h3>\n<ul>\n<li>IIS &#8220;Q. Sella&#8221; &#8211; Biella, ITALIA (scuola capofila)<\/li>\n<li>IES Bel\u00e9n &#8211; Malaga, SPAGNA<\/li>\n<li>Bah\u00e7elievler\u00a0Ayd\u0131n\u00a0Do\u011fan\u00a0Mesleki\u00a0ve\u00a0Teknik Anadolu\u00a0Lisesi\u00a0&#8211; Istanbul, TURCHIA<\/li>\n<\/ul>\n<h3>Di cosa si tratta?<\/h3>\n<p>L\u2019obiettivo principale \u00e8 quello di far conoscere i concetti del <strong>turismo sostenibile<\/strong> e stimolare gli studenti ad approfittare delle numerose <strong>attivit\u00e0 outdoor<\/strong>, sovente poco conosciute, che il nostro territorio offre.<\/p>\n<p>Perci\u00f2, dopo un primo incontro di formazione on-line sui temi che tratteremo, ogni scuola organizzer\u00e0 uno scambio comprensivo di un <strong>trekking di pi\u00f9 giorni<\/strong> che permetta di approcciarsi ai luoghi visitati secondo i principi dello \u201cslow tourism\u201d.<\/p>\n<p>Durante le escursioni, l\u2019esperienza vissuta sar\u00e0 documentata dal punto di vista degli alunni (realizzando una serie di video \u201c<em>diario di bordo<\/em>\u201d e poi una \u201c<em>guida turistica per viaggiatori lenti<\/em>\u201d) e si raccoglieranno informazioni e dati utili al miglioramento della manutenzione dei percorsi: sar\u00e0 quindi l\u2019occasione per approcciare o approfondire la conoscenza di alcune tecnologie fra cui il <strong>video-editing<\/strong>, lo <strong>sviluppo di app <\/strong>ed i <strong>software di grafica<\/strong>.<\/p>\n<p>I materiali prodotti verranno destinati agli enti competenti (turistici e amministrativi) e divulgati al pubblico.<\/p>\n<h3>Cronoprogramma &#8211; potrebbe subire variazioni causa COVID-19<\/h3>\n<p>Novembre 2020 &#8211; Marzo 2021 &#8211; <strong>Corsi introduttivi on-line <\/strong>(circa 12 mezze giornate)<\/p>\n<p>Primavera 2021 &#8211; <strong>Scambio a Malaga, Spagna<\/strong> (6 giorni + viaggio) [eventualmente verr\u00e0 posticipato]<\/p>\n<p>Autunno 2021 &#8211; <strong>Scambio a Biella, Italia<\/strong>\u00a0(7 giorni + viaggio)<\/p>\n<p>Primavera 2022 &#8211; <strong>Scambio ad Istanbul, Turchia<\/strong> (6 giorni + viaggio)<\/p>\n<p>Gli scambi prevedono attivit\u00e0 full-time (sia outdoor che in laboratorio), considerate attivit\u00e0 didattiche a tutti gli effetti.<\/p>\n<p>Inoltre, durante tutta la durata del progetto verranno portate avanti diverse attivit\u00e0 on-line utilizzando la piattaforma eTwinning (es. presentazione dei partner, creazione del logo, approfondimenti sul turismo sostenibile, formazione peer-to-peer sul video-editing, ..)<\/p>\n<h3>A chi \u00e8 rivolto?<\/h3>\n<p>A<strong> 8 studenti\u00a0del triennio<\/strong>\u00a0di tutti gli indirizzi (liceo e ITIS), comprese le classi quinte.<\/p>\n<p>Requisiti: predisposizione alla vita all\u2019aria aperta ed al lavoro di gruppo, spirito di adattamento (nei giorni di trekking non si pernotter\u00e0 in hotel, ma in strutture in cui ci si autogestir\u00e0 facendo la spesa, cucinando, occupandosi della pulizia dei locali, ..).<\/p>\n<p>Il progetto prevede un certo impegno ed <strong>\u00e8 prevista una selezione<\/strong> basata soprattutto sulla <strong>motivazione personale<\/strong> e non solo sui risultati scolastici.<\/p>\n<h3>Come iscriversi?<\/h3>\n<p>Per inviare la propria candidatura occorre compilare il <strong>questionario e la lettera motivazionale<\/strong> presenti a questo <a href=\"https:\/\/forms.office.com\/Pages\/ResponsePage.aspx?id=6gL1E89KrkCtDBsyRjoYyULqRdAJIe1Krc6NJAWAlRJUNlM3M0UzWFpTRlVCQkk5OTlLSldVUlZJMC4u\">link <\/a>entro il <strong><u>30 ottobre 2020, h.23.59<\/u><\/strong> (al termine dell\u2019invio verificate di visualizzare il messaggio di conferma): i primi 12 selezionati verranno chiamati per sostenere un colloquio.<\/p>\n<p>L\u2019<strong>elenco finale degli 8 studenti selezionati <\/strong>sar\u00e0 reso noto tramite comunicato entro il <strong><u>9 novembre 2020 <\/u><\/strong>a cui far\u00e0 seguito il calendario pi\u00f9 dettagliato delle prime attivit\u00e0.<\/p>\n<p>&nbsp;<\/p>\n<p>[\/et_pb_text][\/et_pb_column][\/et_pb_row][\/et_pb_section]<\/p>\n","protected":false},"excerpt":{"rendered":"<p>Progetto \u201cL&#8217;ottava meraviglia del mondo: il tuo territorio!\u201d &nbsp; Scuole partner IIS &#8220;Q. Sella&#8221; &#8211; Biella, ITALIA (scuola capofila) IES Bel\u00e9n &#8211; Malaga, SPAGNA Bah\u00e7elievler\u00a0Ayd\u0131n\u00a0Do\u011fan\u00a0Mesleki\u00a0ve\u00a0Teknik Anadolu\u00a0Lisesi\u00a0&#8211; Istanbul, TURCHIA Di cosa si tratta? L\u2019obiettivo principale \u00e8 quello di far conoscere i concetti del turismo sostenibile e stimolare gli studenti ad approfittare delle numerose attivit\u00e0 outdoor, sovente [&hellip;]<\/p>\n","protected":false},"author":1,"featured_media":0,"parent":0,"menu_order":0,"comment_status":"closed","ping_status":"closed","template":"","meta":{"_et_pb_use_builder":"on","_et_pb_old_content":"","_et_gb_content_width":"","ngg_post_thumbnail":0,"footnotes":""},"class_list":["post-1718","page","type-page","status-publish","hentry"],"_links":{"self":[{"href":"https:\/\/erasmusplus.itis.biella.it\/erasmusplus\/wp-json\/wp\/v2\/pages\/1718","targetHints":{"allow":["GET"]}}],"collection":[{"href":"https:\/\/erasmusplus.itis.biella.it\/erasmusplus\/wp-json\/wp\/v2\/pages"}],"about":[{"href":"https:\/\/erasmusplus.itis.biella.it\/erasmusplus\/wp-json\/wp\/v2\/types\/page"}],"author":[{"embeddable":true,"href":"https:\/\/erasmusplus.itis.biella.it\/erasmusplus\/wp-json\/wp\/v2\/users\/1"}],"replies":[{"embeddable":true,"href":"https:\/\/erasmusplus.itis.biella.it\/erasmusplus\/wp-json\/wp\/v2\/comments?post=1718"}],"version-history":[{"count":2,"href":"https:\/\/erasmusplus.itis.biella.it\/erasmusplus\/wp-json\/wp\/v2\/pages\/1718\/revisions"}],"predecessor-version":[{"id":1721,"href":"https:\/\/erasmusplus.itis.biella.it\/erasmusplus\/wp-json\/wp\/v2\/pages\/1718\/revisions\/1721"}],"wp:attachment":[{"href":"https:\/\/erasmusplus.itis.biella.it\/erasmusplus\/wp-json\/wp\/v2\/media?parent=1718"}],"curies":[{"name":"wp","href":"https:\/\/api.w.org\/{rel}","templated":true}]}}

<p>[et_pb_section fb_built=&#8221;1&#8243; _builder_version=&#8221;4.4.2&#8243;][et_pb_row _builder_version=&#8221;4.4.2&#8243; hover_enabled=&#8221;0&#8243;][et_pb_column _builder_version=&#8221;4.4.2&#8243; type=&#8221;4_4&#8243;][et_pb_text _builder_version=&#8221;4.4.2&#8243; hover_enabled=&#8221;0&#8243;]</p>
<h2><strong>Progetto “L&#8217;ottava meraviglia del mondo: il tuo territorio!”</strong></h2>
<p>&nbsp;</p>
<h3>Scuole partner</h3>
<ul>
<li>IIS &#8220;Q. Sella&#8221; &#8211; Biella, ITALIA (scuola capofila)</li>
<li>IES Belén &#8211; Malaga, SPAGNA</li>
<li>Bahçelievler Aydın Doğan Mesleki ve Teknik Anadolu Lisesi &#8211; Istanbul, TURCHIA</li>
</ul>
<h3>Di cosa si tratta?</h3>
<p>L’obiettivo principale è quello di far conoscere i concetti del <strong>turismo sostenibile</strong> e stimolare gli studenti ad approfittare delle numerose <strong>attività outdoor</strong>, sovente poco conosciute, che il nostro territorio offre.</p>
<p>Perciò, dopo un primo incontro di formazione on-line sui temi che tratteremo, ogni scuola organizzerà uno scambio comprensivo di un <strong>trekking di più giorni</strong> che permetta di approcciarsi ai luoghi visitati secondo i principi dello “slow tourism”.</p>
<p>Durante le escursioni, l’esperienza vissuta sarà documentata dal punto di vista degli alunni (realizzando una serie di video “<em>diario di bordo</em>” e poi una “<em>guida turistica per viaggiatori lenti</em>”) e si raccoglieranno informazioni e dati utili al miglioramento della manutenzione dei percorsi: sarà quindi l’occasione per approcciare o approfondire la conoscenza di alcune tecnologie fra cui il <strong>video-editing</strong>, lo <strong>sviluppo di app </strong>ed i <strong>software di grafica</strong>.</p>
<p>I materiali prodotti verranno destinati agli enti competenti (turistici e amministrativi) e divulgati al pubblico.</p>
<h3>Cronoprogramma &#8211; potrebbe subire variazioni causa COVID-19</h3>
<p>Novembre 2020 &#8211; Marzo 2021 &#8211; <strong>Corsi introduttivi on-line </strong>(circa 12 mezze giornate)</p>
<p>Primavera 2021 &#8211; <strong>Scambio a Malaga, Spagna</strong> (6 giorni + viaggio) [eventualmente verrà posticipato]</p>
<p>Autunno 2021 &#8211; <strong>Scambio a Biella, Italia</strong> (7 giorni + viaggio)</p>
<p>Primavera 2022 &#8211; <strong>Scambio ad Istanbul, Turchia</strong> (6 giorni + viaggio)</p>
<p>Gli scambi prevedono attività full-time (sia outdoor che in laboratorio), considerate attività didattiche a tutti gli effetti.</p>
<p>Inoltre, durante tutta la durata del progetto verranno portate avanti diverse attività on-line utilizzando la piattaforma eTwinning (es. presentazione dei partner, creazione del logo, approfondimenti sul turismo sostenibile, formazione peer-to-peer sul video-editing, ..)</p>
<h3>A chi è rivolto?</h3>
<p>A<strong> 8 studenti del triennio</strong> di tutti gli indirizzi (liceo e ITIS), comprese le classi quinte.</p>
<p>Requisiti: predisposizione alla vita all’aria aperta ed al lavoro di gruppo, spirito di adattamento (nei giorni di trekking non si pernotterà in hotel, ma in strutture in cui ci si autogestirà facendo la spesa, cucinando, occupandosi della pulizia dei locali, ..).</p>
<p>Il progetto prevede un certo impegno ed <strong>è prevista una selezione</strong> basata soprattutto sulla <strong>motivazione personale</strong> e non solo sui risultati scolastici.</p>
<h3>Come iscriversi?</h3>
<p>Per inviare la propria candidatura occorre compilare il <strong>questionario e la lettera motivazionale</strong> presenti a questo <a href="https://forms.office.com/Pages/ResponsePage.aspx?id=6gL1E89KrkCtDBsyRjoYyULqRdAJIe1Krc6NJAWAlRJUNlM3M0UzWFpTRlVCQkk5OTlLSldVUlZJMC4u">link </a>entro il <strong><u>30 ottobre 2020, h.23.59</u></strong> (al termine dell’invio verificate di visualizzare il messaggio di conferma): i primi 12 selezionati verranno chiamati per sostenere un colloquio.</p>
<p>L’<strong>elenco finale degli 8 studenti selezionati </strong>sarà reso noto tramite comunicato entro il <strong><u>9 novembre 2020 </u></strong>a cui farà seguito il calendario più dettagliato delle prime attività.</p>
<p>&nbsp;</p>
<p>[/et_pb_text][/et_pb_column][/et_pb_row][/et_pb_section]</p>

<p>Progetto “L&#8217;ottava meraviglia del mondo: il tuo territorio!” &nbsp; Scuole partner IIS &#8220;Q. Sella&#8221; &#8211; Biella, ITALIA (scuola capofila) IES Belén &#8211; Malaga, SPAGNA Bahçelievler Aydın Doğan Mesleki ve Teknik Anadolu Lisesi &#8211; Istanbul, TURCHIA Di cosa si tratta? L’obiettivo principale è quello di far conoscere i concetti del turismo sostenibile e stimolare gli studenti ad approfittare delle numerose attività outdoor, sovente [&hellip;]</p>
